est common factor of 25 and 2710.
5
Calculate the greatest common factor of 962 and 666.
74
What is the highest common divisor of 8239 and 231?
77
What is the highest common divisor of 1023 and 2937?
33
Calculate the highest common divisor of 1590 and 8480.
530
What is the greatest common divisor of 7308 and 16506?
126
What is the greatest common divisor of 638 and 153526?
58
What is the highest common factor of 9675 and 6?
3
What is the highest common factor of 244188 and 2660?
532
Calculate the highest common factor of 333 and 90021.
111
Calculate the greatest common factor of 5298 and 354083.
883
What is the greatest common factor of 159 and 3168?
3
Calculate the greatest common divisor of 3736 and 22883.
467
Calculate the highest common factor of 6016 and 1536.
128
What is the highest common factor of 21 and 236397?
21
Calculate the greatest common divisor of 47 and 308743.
47
What is the greatest common divisor of 1620 and 9315?
405
Calculate the highest common divisor of 25 and 263700.
25
What is the greatest common divisor of 49224 and 11004?
84
What is the highest common divisor of 1056 and 5478?
66
What is the greatest common factor of 20466 and 6?
6
What is the greatest common divisor of 894 and 102?
6
Calculate the greatest common factor of 6 and 38334.
6
Calculate the greatest common divisor of 23 and 6509.
23
What is the highest common factor of 12 and 2994?
6
What is the greatest common divisor of 1888 and 78293?
59
Calculate the greatest common divisor of 6698683 and 59.
59
Calculate the greatest common divisor of 919685 and 65.
65
What is the highest common divisor of 10146 and 1026?
114
What is the highest common factor of 2496 and 104637?
39
What is the greatest common factor of 445 and 2530?
5
Calculate the highest common factor of 8542 and 256.
2
Calculate the highest common factor of 11506 and 22748.
22
What is the highest common factor of 542040 and 168?
24
Calculate the greatest common factor of 15180 and 13728.
132
Calculate the highest common factor of 3782 and 133712.
122
What is the greatest common divisor of 105298 and 326?
326
Calculate the greatest common factor of 144 and 7152.
48
Calculate the greatest common divisor of 130 and 107510.
130
What is the greatest common factor of 239205 and 15?
15
What is the highest common factor of 6514129 and 46?
23
What is the highest common factor of 17059 and 21?
7
What is the highest common factor of 55 and 449845?
55
What is the greatest common divisor of 36 and 74394?
18
Calculate the greatest common factor of 20777 and 79.
79
Calculate the greatest common divisor of 756135 and 4860.
405
What is the highest common divisor of 24 and 1149?
3
Calculate the greatest common divisor of 372636 and 4705.
941
Calculate the greatest common divisor of 36046 and 2144.
134
Calculate the highest common divisor of 3080 and 4025.
35
What is the greatest common divisor of 1162798 and 182?
182
Calculate the highest common factor of 6090 and 17010.
210
What is the highest common factor of 833525 and 11?
11
What is the highest common factor of 28068 and 12?
12
What is the highest common factor of 6 and 1138374?
6
Calculate the greatest common factor of 288 and 19044.
36
Calculate the highest common divisor of 3487 and 737.
11
What is the greatest common factor of 5913 and 166805?
73
Calculate the greatest common factor of 403 and 3484.
13
Calculate the greatest common factor of 2507625 and 150.
75
What is the greatest common divisor of 108976 and 448?
112
What is the highest common factor of 1012 and 33?
11
What is the highest common factor of 395 and 1308635?
395
What is the greatest common divisor of 187384 and 3776?
472
Calculate the highest common divisor of 400 and 4775.
25
What is the highest common factor of 1513 and 22899?
17
Calculate the highest common factor of 1796 and 88.
4
Calculate the greatest common divisor of 10 and 157655.
5
Calculate the highest common factor of 2340168 and 15174.
1686
What is the greatest common factor of 751129 and 878?
439
Calculate the greatest common factor of 130 and 344110.
130
What is the highest common factor of 3069 and 140337?
279
What is the greatest common factor of 16 and 2415720?
8
Calculate the greatest common divisor of 503 and 2.
1
Calculate the highest common divisor of 10167876 and 31.
31
What is the greatest common factor of 583 and 689?
53
Calculate the highest common factor of 1328 and 46978.
166
Calculate the greatest common factor of 1534 and 35087.
13
What is the greatest common divisor of 1345565 and 1270?
635
Calculate the greatest common factor of 26588 and 5152.
92
What is the highest common divisor of 1516184 and 8?
8
Calculate the greatest common divisor of 6485 and 1499332.
1297
Calculate the greatest common factor of 7200 and 311400.
1800
What is the greatest common divisor of 717 and 67159?
239
Calculate the highest common divisor of 10992 and 15.
3
Calculate the highest common factor of 13266 and 12078.
198
Calculate the greatest common divisor of 7002 and 468.
18
Calculate the highest common divisor of 38302 and 198.
22
What is the highest common divisor of 1152 and 3581568?
1152
What is the highest common divisor of 377928 and 29?
29
What is the greatest common divisor of 64354 and 184?
46
What is the greatest common divisor of 30 and 309390?
30
What is the greatest common factor of 1293520 and 736?
368
Calculate the greatest common factor of 53 and 109657.
53
What is the greatest common factor of 90600 and 240?
120
What is the greatest common divisor of 92475 and 405?
135
What is the greatest common divisor of 481 and 333?
37
Calculate the highest common divisor of 66657 and 85.
17
Calculate the greatest common divisor of 2 and 44222.
2
What is the greatest common divisor of 1274 and 2106?
26
What is the highest common factor of 228 and 1198596?
228
Calculate the greatest common divisor of 88 and 852940.
44
Calculate the greatest common divisor of 154 and 35134.
22
What is the highest common divisor of 1097073 and 158?
79
Calculate the highest common divisor of 3464906 and 404.
202
Calculate the greatest common factor of 76997 and 111.
37
Calculate the greatest common factor of 63 and 423.
9
What is the highest common factor of 75908 and 112?
28
Calculate the greatest common factor of 818064 and 23.
23
What is the highest common divisor of 113868 and 3456?
36
What is the greatest common factor of 2080 and 52078?
26
Calculate the highest common divisor of 4366 and 86062.
74
Calculate the greatest common divisor of 1461784 and 177.
59
What is the greatest common divisor of 1880 and 106408?
376
What is the highest common factor of 299 and 12995?
23
Calculate the highest common factor of 18 and 121194.
18
Calculate the highest common divisor of 35346 and 344.
86
What is the greatest common divisor of 9635 and 4700?
235
What is the greatest common factor of 246 and 18?
6
Calculate the greatest common factor of 4958780 and 20.
20
What is the greatest common factor of 144789 and 6?
3
Calculate the highest common divisor of 269 and 195563.
269
Calculate the greatest common factor of 1467200 and 655.
655
Calculate the highest common factor of 105252 and 1764.
588
Calculate the greatest common factor of 6064 and 15539.
379
Calculate the highest common divisor of 1179 and 21877.
131
What is the greatest common factor of 46 and 14758985?
23
Calculate the highest common factor of 80 and 2012.
4
Calculate the highest common factor of 81211 and 13.
13
What is the highest common divisor of 69 and 1251867?
69
What is the highest common factor of 637 and 1703?
13
Calculate the highest common divisor of 532 and 54891.
19
What is the highest common factor of 46806 and 174?
174
Calculate the greatest common factor of 560 and 16310.
70
What is the greatest common factor of 27 and 84699?
27
Calculate the highest common factor of 49224 and 8316.
84
Calculate the greatest common divisor of 259 and 543641.
259
What is the highest common factor of 8298 and 36?
18
What is the highest common divisor of 45 and 362610?
45
What is the greatest common divisor of 2334 and 6?
6
What is the highest common factor of 314794 and 642?
214
What is the highest common divisor of 609 and 32907?
21
Calculate the highest common factor of 343 and 722162.
49
C